{"id":723,"date":"2022-05-01T21:27:30","date_gmt":"2022-05-01T21:27:30","guid":{"rendered":"https:\/\/www.sportid.no\/butikk\/?post_type=product&#038;p=723"},"modified":"2024-04-28T15:48:29","modified_gmt":"2024-04-28T13:48:29","slug":"orbiloc-dog-dual-twin-pack","status":"publish","type":"product","link":"https:\/\/www.sportid.no\/butikk\/produkt\/orbiloc-dog-dual-twin-pack\/","title":{"rendered":"Orbiloc Dog Dual Twin Pack"},"content":{"rendered":"<div class=\"product_name_wrap flex_container flex_start\">\n<div class=\"flex_child\">\n<h1 class=\"product_name \">Orbiloc Dog Dual Twin Pack<\/h1>\n<\/div>\n<section class=\"pro_name_right\">\n<div class=\"flex_box\">\n<div class=\"product_link_nav with_preview\"><\/div>\n<\/div>\n<\/section>\n<\/div>\n<div class=\"product-information\">\n<div id=\"product-description-short-36\" class=\"product-description-short mb-3 truncate_block st_showless_block_0 truncate_cate_desc_0\">\n<div class=\"st_read_more_box\">\n<p>Den ledende lykten til hund som er p\u00e5 markedet. LED-teknologi og det unike glassdesignet gj\u00f8r at du kan se lyset p\u00e5 5 km avstand luftlinje. Lyset t\u00e5ler trykket av 100 kg, og er 100% vanntett. T\u00e5ler en sv\u00f8mmetur, g\u00e5turer i all slags v\u00e6r eller leking i sn\u00f8en.<\/p>\n<\/div>\n<\/div>\n<\/div>\n","protected":false},"excerpt":{"rendered":"<div class=\"product_name_wrap flex_container flex_start\">\n<div class=\"flex_child\">\n<h1 class=\"product_name \">Orbiloc Dog Dual Twin Pack<\/h1>\n<\/div>\n<section class=\"pro_name_right\">\n<div class=\"flex_box\">\n<div class=\"product_link_nav with_preview\"><\/div>\n<\/div>\n<\/section>\n<\/div>\n<div class=\"product-information\">\n<div id=\"product-description-short-36\" class=\"product-description-short mb-3 truncate_block st_showless_block_0 truncate_cate_desc_0\">\n<div class=\"st_read_more_box\">\n<p>Den ledende lykten til hund som er p\u00e5 markedet. LED-teknologi og det unike glassdesignet gj\u00f8r at du kan se lyset p\u00e5 5 km avstand luftlinje. Lyset t\u00e5ler trykket av 100 kg, og er 100% vanntett. T\u00e5ler en sv\u00f8mmetur, g\u00e5turer i all slags v\u00e6r eller leking i sn\u00f8en.<\/p>\n<\/div>\n<\/div>\n<\/div>\n","protected":false},"featured_media":1811,"comment_status":"open","ping_status":"closed","template":"","meta":[],"product_brand":[],"product_cat":[75,76,15],"product_tag":[],"class_list":{"0":"post-723","1":"product","2":"type-product","3":"status-publish","4":"has-post-thumbnail","6":"product_cat-hundereflekser-lys","7":"product_cat-orbiloc","8":"product_cat-ukategorisert","10":"first","11":"instock","12":"taxable","13":"shipping-taxable","14":"purchasable","15":"product-type-simple"},"jetpack_sharing_enabled":true,"_links":{"self":[{"href":"https:\/\/www.sportid.no\/butikk\/wp-json\/wp\/v2\/product\/723","targetHints":{"allow":["GET"]}}],"collection":[{"href":"https:\/\/www.sportid.no\/butikk\/wp-json\/wp\/v2\/product"}],"about":[{"href":"https:\/\/www.sportid.no\/butikk\/wp-json\/wp\/v2\/types\/product"}],"replies":[{"embeddable":true,"href":"https:\/\/www.sportid.no\/butikk\/wp-json\/wp\/v2\/comments?post=723"}],"version-history":[{"count":2,"href":"https:\/\/www.sportid.no\/butikk\/wp-json\/wp\/v2\/product\/723\/revisions"}],"predecessor-version":[{"id":3550,"href":"https:\/\/www.sportid.no\/butikk\/wp-json\/wp\/v2\/product\/723\/revisions\/3550"}],"wp:featuredmedia":[{"embeddable":true,"href":"https:\/\/www.sportid.no\/butikk\/wp-json\/wp\/v2\/media\/1811"}],"wp:attachment":[{"href":"https:\/\/www.sportid.no\/butikk\/wp-json\/wp\/v2\/media?parent=723"}],"wp:term":[{"taxonomy":"product_brand","embeddable":true,"href":"https:\/\/www.sportid.no\/butikk\/wp-json\/wp\/v2\/product_brand?post=723"},{"taxonomy":"product_cat","embeddable":true,"href":"https:\/\/www.sportid.no\/butikk\/wp-json\/wp\/v2\/product_cat?post=723"},{"taxonomy":"product_tag","embeddable":true,"href":"https:\/\/www.sportid.no\/butikk\/wp-json\/wp\/v2\/product_tag?post=723"}],"curies":[{"name":"wp","href":"https:\/\/api.w.org\/{rel}","templated":true}]}}