{"id":637,"date":"2022-05-01T21:26:51","date_gmt":"2022-05-01T21:26:51","guid":{"rendered":"https:\/\/www.sportid.no\/butikk\/?post_type=product&#038;p=637"},"modified":"2023-12-03T23:19:53","modified_gmt":"2023-12-03T22:19:53","slug":"beal-o-light","status":"publish","type":"product","link":"https:\/\/www.sportid.no\/butikk\/produkt\/beal-o-light\/","title":{"rendered":"BEAL O LIGHT"},"content":{"rendered":"<p>Oval karabinkrok.<\/p>\n<p>Den har et skruel\u00e5sesystem.<\/p>\n<p>Den er laget av aluminium i lett legering.<\/p>\n<p>UIAA: UIAA (International Climbing and Mountaineering Federation) International Mountaineering and Climbing Federation<\/p>\n<p>Dimensjoner: 61 X 111 mm<\/p>\n<p>Lukket d\u00f8ravtrekker (hovedakse): 22 kN<\/p>\n<p>Sidetraktor (sekund\u00e6rakse): 8 kN<\/p>\n<p>\u00c5pen d\u00f8rtrekk (med \u00e5pen d\u00f8r): 6 kN<\/p>\n<p>Maksimal d\u00f8r\u00e5pning: 17 mm<\/p>\n<p>Vekt: 74 gr.<\/p>\n","protected":false},"excerpt":{"rendered":"<p>Oval karabinkrok. Den har et skruel\u00e5sesystem. Den er laget av aluminium i lett legering. UIAA: UIAA (International Climbing and Mountaineering Federation) International Mountaineering and Climbing Federation Dimensjoner: 61 X 111 mm Lukket d\u00f8ravtrekker (hovedakse): 22 kN Sidetraktor (sekund\u00e6rakse): 8 kN \u00c5pen d\u00f8rtrekk (med \u00e5pen d\u00f8r): 6 kN Maksimal d\u00f8r\u00e5pning: 17 mm Vekt: 74 gr.<\/p>\n","protected":false},"featured_media":2828,"comment_status":"open","ping_status":"closed","template":"","meta":[],"product_brand":[],"product_cat":[22],"product_tag":[],"class_list":{"0":"post-637","1":"product","2":"type-product","3":"status-publish","4":"has-post-thumbnail","6":"product_cat-kroker","8":"first","9":"instock","10":"taxable","11":"shipping-taxable","12":"purchasable","13":"product-type-simple"},"jetpack_sharing_enabled":true,"_links":{"self":[{"href":"https:\/\/www.sportid.no\/butikk\/wp-json\/wp\/v2\/product\/637","targetHints":{"allow":["GET"]}}],"collection":[{"href":"https:\/\/www.sportid.no\/butikk\/wp-json\/wp\/v2\/product"}],"about":[{"href":"https:\/\/www.sportid.no\/butikk\/wp-json\/wp\/v2\/types\/product"}],"replies":[{"embeddable":true,"href":"https:\/\/www.sportid.no\/butikk\/wp-json\/wp\/v2\/comments?post=637"}],"version-history":[{"count":2,"href":"https:\/\/www.sportid.no\/butikk\/wp-json\/wp\/v2\/product\/637\/revisions"}],"predecessor-version":[{"id":2220,"href":"https:\/\/www.sportid.no\/butikk\/wp-json\/wp\/v2\/product\/637\/revisions\/2220"}],"wp:featuredmedia":[{"embeddable":true,"href":"https:\/\/www.sportid.no\/butikk\/wp-json\/wp\/v2\/media\/2828"}],"wp:attachment":[{"href":"https:\/\/www.sportid.no\/butikk\/wp-json\/wp\/v2\/media?parent=637"}],"wp:term":[{"taxonomy":"product_brand","embeddable":true,"href":"https:\/\/www.sportid.no\/butikk\/wp-json\/wp\/v2\/product_brand?post=637"},{"taxonomy":"product_cat","embeddable":true,"href":"https:\/\/www.sportid.no\/butikk\/wp-json\/wp\/v2\/product_cat?post=637"},{"taxonomy":"product_tag","embeddable":true,"href":"https:\/\/www.sportid.no\/butikk\/wp-json\/wp\/v2\/product_tag?post=637"}],"curies":[{"name":"wp","href":"https:\/\/api.w.org\/{rel}","templated":true}]}}