{"id":3602,"date":"2024-01-07T16:28:12","date_gmt":"2024-01-07T15:28:12","guid":{"rendered":"https:\/\/www.sportid.no\/butikk\/?post_type=product&#038;p=3602"},"modified":"2024-01-07T16:31:17","modified_gmt":"2024-01-07T15:31:17","slug":"v-i-p-handleddsvarmere-10-pakn","status":"publish","type":"product","link":"https:\/\/www.sportid.no\/butikk\/produkt\/v-i-p-handleddsvarmere-10-pakn\/","title":{"rendered":"V.I.P. H\u00e5ndleddsvarmere (10-pakn.)"},"content":{"rendered":"<ul>\n<li>Skadeforebyggende ved \u00f8mme eller fare for \u00f8mme h\u00e5ndledd hos hunden.<\/li>\n<li>Brukes etter trening og under l\u00f8p p\u00e5 sjekkpunkt.<\/li>\n<li>Borrel\u00e5s<\/li>\n<li>Forpakning: 10 stk<\/li>\n<li>M\u00e5l: Bredde 19cm x h\u00f8yde 22,5 cm<\/li>\n<\/ul>\n","protected":false},"excerpt":{"rendered":"<p>Skadeforebyggende ved \u00f8mme eller fare for \u00f8mme h\u00e5ndledd hos hunden. Brukes etter trening og under l\u00f8p p\u00e5 sjekkpunkt. Borrel\u00e5s Forpakning: 10 stk M\u00e5l: Bredde 19cm x h\u00f8yde 22,5 cm<\/p>\n","protected":false},"featured_media":3604,"comment_status":"open","ping_status":"closed","template":"","meta":[],"product_brand":[],"product_cat":[117],"product_tag":[],"class_list":{"0":"post-3602","1":"product","2":"type-product","3":"status-publish","4":"has-post-thumbnail","6":"product_cat-handleddsvarmere","8":"first","9":"instock","10":"taxable","11":"shipping-taxable","12":"purchasable","13":"product-type-simple"},"jetpack_sharing_enabled":true,"_links":{"self":[{"href":"https:\/\/www.sportid.no\/butikk\/wp-json\/wp\/v2\/product\/3602","targetHints":{"allow":["GET"]}}],"collection":[{"href":"https:\/\/www.sportid.no\/butikk\/wp-json\/wp\/v2\/product"}],"about":[{"href":"https:\/\/www.sportid.no\/butikk\/wp-json\/wp\/v2\/types\/product"}],"replies":[{"embeddable":true,"href":"https:\/\/www.sportid.no\/butikk\/wp-json\/wp\/v2\/comments?post=3602"}],"version-history":[{"count":1,"href":"https:\/\/www.sportid.no\/butikk\/wp-json\/wp\/v2\/product\/3602\/revisions"}],"predecessor-version":[{"id":3603,"href":"https:\/\/www.sportid.no\/butikk\/wp-json\/wp\/v2\/product\/3602\/revisions\/3603"}],"wp:featuredmedia":[{"embeddable":true,"href":"https:\/\/www.sportid.no\/butikk\/wp-json\/wp\/v2\/media\/3604"}],"wp:attachment":[{"href":"https:\/\/www.sportid.no\/butikk\/wp-json\/wp\/v2\/media?parent=3602"}],"wp:term":[{"taxonomy":"product_brand","embeddable":true,"href":"https:\/\/www.sportid.no\/butikk\/wp-json\/wp\/v2\/product_brand?post=3602"},{"taxonomy":"product_cat","embeddable":true,"href":"https:\/\/www.sportid.no\/butikk\/wp-json\/wp\/v2\/product_cat?post=3602"},{"taxonomy":"product_tag","embeddable":true,"href":"https:\/\/www.sportid.no\/butikk\/wp-json\/wp\/v2\/product_tag?post=3602"}],"curies":[{"name":"wp","href":"https:\/\/api.w.org\/{rel}","templated":true}]}}