{"id":3132,"date":"2023-02-15T20:32:37","date_gmt":"2023-02-15T19:32:37","guid":{"rendered":"https:\/\/www.sportid.no\/butikk\/?post_type=product&#038;p=3132"},"modified":"2026-05-03T15:16:36","modified_gmt":"2026-05-03T13:16:36","slug":"camp-d-pro-lock","status":"publish","type":"product","link":"https:\/\/www.sportid.no\/butikk\/produkt\/camp-d-pro-lock\/","title":{"rendered":"CAMP D PRO LOCK"},"content":{"rendered":"<h3>St\u00e5lkarabiner for de store oppgavene<\/h3>\n<p>CAMP D Pro er en HMS formet st\u00e5lkarabiner for de tunge oppgavene. Den t\u00e5ler hele 52kN i lengderetningen og har stor \u00e5pning.<\/p>\n<p>Karabinerens form gi deg rikelig med plass til bremseknuter eller flere slynger inni karabineren. \u00c5pningen er ogs\u00e5 romslig slik at det er lett \u00e5 f\u00e5 inn store slynger. Nesen har keylock s\u00e5 det er uansett enkelt \u00e5 klippe ting ut.<\/p>\n<p>LOCK \u2013 systemet betyr at karabineren har en tradisjonell skrul\u00e5s.<\/p>\n<ul>\n<li>Stor og sterk st\u00e5lkarabiner<\/li>\n<li>Stor \u00e5pning<\/li>\n<li>Keylock nese<\/li>\n<li>52kN styrke i lengderetningen<\/li>\n<li>LOCK betyr skrul\u00e5s, helt vanlig.<\/li>\n<li>Godkjent for arbeid i henhold til NS EN 362<\/li>\n<li>Godkjent i henhold til NS EN 12275<\/li>\n<li>Vekt: 250 gram<\/li>\n<li>\n<table class=\"ProduktInfoWithTechnicalData table table-condensed table-striped\">\n<tbody>\n<tr class=\"Even l\u00e5s\">\n<td>L\u00e5s<\/td>\n<td>Skrul\u00e5s<\/td>\n<\/tr>\n<tr class=\"Odd matriale\">\n<td>Matriale<\/td>\n<td>St\u00e5l<\/td>\n<\/tr>\n<\/tbody>\n<\/table>\n<\/li>\n<\/ul>\n","protected":false},"excerpt":{"rendered":"<p>St\u00e5lkarabiner for de store oppgavene CAMP D Pro er en HMS formet st\u00e5lkarabiner for de tunge oppgavene. Den t\u00e5ler hele 52kN i lengderetningen og har stor \u00e5pning. Karabinerens form gi deg rikelig med plass til bremseknuter eller flere slynger inni karabineren. \u00c5pningen er ogs\u00e5 romslig slik at det er lett \u00e5 f\u00e5 inn store slynger. [&hellip;]<\/p>\n","protected":false},"featured_media":3133,"comment_status":"open","ping_status":"closed","template":"","meta":[],"product_brand":[],"product_cat":[22],"product_tag":[],"class_list":{"0":"post-3132","1":"product","2":"type-product","3":"status-publish","4":"has-post-thumbnail","6":"product_cat-kroker","8":"first","9":"instock","10":"featured","11":"taxable","12":"shipping-taxable","13":"purchasable","14":"product-type-simple"},"jetpack_sharing_enabled":true,"_links":{"self":[{"href":"https:\/\/www.sportid.no\/butikk\/wp-json\/wp\/v2\/product\/3132","targetHints":{"allow":["GET"]}}],"collection":[{"href":"https:\/\/www.sportid.no\/butikk\/wp-json\/wp\/v2\/product"}],"about":[{"href":"https:\/\/www.sportid.no\/butikk\/wp-json\/wp\/v2\/types\/product"}],"replies":[{"embeddable":true,"href":"https:\/\/www.sportid.no\/butikk\/wp-json\/wp\/v2\/comments?post=3132"}],"version-history":[{"count":2,"href":"https:\/\/www.sportid.no\/butikk\/wp-json\/wp\/v2\/product\/3132\/revisions"}],"predecessor-version":[{"id":3135,"href":"https:\/\/www.sportid.no\/butikk\/wp-json\/wp\/v2\/product\/3132\/revisions\/3135"}],"wp:featuredmedia":[{"embeddable":true,"href":"https:\/\/www.sportid.no\/butikk\/wp-json\/wp\/v2\/media\/3133"}],"wp:attachment":[{"href":"https:\/\/www.sportid.no\/butikk\/wp-json\/wp\/v2\/media?parent=3132"}],"wp:term":[{"taxonomy":"product_brand","embeddable":true,"href":"https:\/\/www.sportid.no\/butikk\/wp-json\/wp\/v2\/product_brand?post=3132"},{"taxonomy":"product_cat","embeddable":true,"href":"https:\/\/www.sportid.no\/butikk\/wp-json\/wp\/v2\/product_cat?post=3132"},{"taxonomy":"product_tag","embeddable":true,"href":"https:\/\/www.sportid.no\/butikk\/wp-json\/wp\/v2\/product_tag?post=3132"}],"curies":[{"name":"wp","href":"https:\/\/api.w.org\/{rel}","templated":true}]}}